1 (base 13) to base 2
1100001101
-136 (base 15) to base 16
-114
Convert -10096 (base 10) to base 4.
-2131300
What is 57372 (base 11) in base 7?
463610
What is 30c8 (base 14) in base 2?
10000011011000
What is 782 (base 10) in base 3?
1001222
What is 47 (base 15) in base 7?
124
What is -1011001 (base 4) in base 11?
-3356
What is 1001111001 (base 2) in base 11?
526
What is -21416 (base 10) in base 5?
-1141131
Convert -2112330 (base 5) to base 10.
-35340
Convert -7107 (base 11) to base 9.
-13854
-2520 (base 14) to base 7
-24640
What is 11010110 (base 2) in base 8?
326
-50 (base 9) to base 6
-113
-111da (base 15) to base 4
-31102132
1023 (base 8) to base 12
383
Convert -46512 (base 8) to base 16.
-4d4a
Convert -143 (base 13) to base 6.
-1012
Convert -1062 (base 8) to base 16.
-232
What is -379 (base 15) in base 7?
-2205
What is -1341 (base 6) in base 16?
-15d
What is 12001302 (base 4) in base 15?
74b0
553 (base 8) to base 10
363
-140 (base 15) to base 12
-1b9
What is 10536 (base 9) in base 6?
52223
Convert 674b (base 14) to base 16.
45ef
What is -143264 (base 7) in base 14?
-a0a4
-14103 (base 5) to base 14
-5c5
What is -7a6 (base 12) in base 7?
-3210
What is -33b6 (base 12) in base 9?
-7803
What is -122221 (base 4) in base 10?
-1705
What is 2e (base 16) in base 9?
51
Convert 67313 (base 9) to base 15.
d3b9
Convert -20202010 (base 3) to base 2.
-1001100110101
What is -103133 (base 4) in base 2?
-10011011111
6646 (base 8) to base 14
13b8
Convert 926 (base 15) to base 3.
2211100
Convert 53613 (base 7) to base 8.
32032
Convert 947a (base 11) to base 6.
134034
What is 63714 (base 8) in base 10?
26572
21331 (base 6) to base 12
1847
5243 (base 6) to base 3
1121200
What is -3050 (base 7) in base 14?
-560
What is 20885 (base 9) in base 12?
801b
Convert 8acd (base 14) to base 13.
ac74
What is 13013113 (base 4) in base 10?
29143
Convert 1466 (base 8) to base 15.
39c
Convert -5464 (base 10) to base 4.
-1111120
What is -3321 (base 6) in base 4?
-30001
Convert 446 (base 13) to base 4.
23132
-112241 (base 5) to base 13
-1b12
What is 471 (base 15) in base 6?
4354
Convert -41008 (base 9) to base 14.
-9b93
333240 (base 7) to base 8
162633
-2333441 (base 5) to base 7
-236232
Convert -11111010 (base 2) to base 8.
-372
-1221110212 (base 3) to base 11
-26818
-420135 (base 6) to base 11
-233a7
1422 (base 7) to base 15
270
1032211 (base 5) to base 6
214234
Convert -1035035 (base 6) to base 12.
-25a7b
Convert 1295 (base 10) to base 6.
5555
Convert 163612 (base 7) to base 16.
7f21
Convert -b710 (base 16) to base 10.
-46864
-14120 (base 8) to base 11
-4749
Convert 173 (base 14) to base 15.
14c
What is 15704 (base 9) in base 5?
321102
Convert -10240 (base 5) to base 7.
-2012
-14121 (base 12) to base 14
-a1cd
What is 17363 (base 11) in base 12?
12146
-2052 (base 15) to base 2
-1101010101011
Convert 202021111 (base 3) to base 5.
433112
c2d (base 15) to base 8
5267
What is -6eee (base 16) in base 4?
-12323232
-20133111 (base 4) to base 14
-c95b
11532 (base 9) to base 10
7724
Convert -124 (base 11) to base 7.
-300
224 (base 15) to base 5
3414
Convert -1f5 (base 16) to base 9.
-616
What is -1327 (base 16) in base 13?
-2302
What is -b39 (base 16) in base 10?
-2873
20212 (base 7) to base 8
11455
Convert -111000000100 (base 2) to base 16.
-e04
Convert -1221023 (base 4) to base 15.
-1edb
Convert -211111 (base 3) to base 8.
-1137
What is -1809 (base 13) in base 12?
-2086
772 (base 9) to base 7
1562
What is -201203 (base 4) in base 16?
-863
What is 201003 (base 4) in base 7?
6111
1000011000101011 (base 2) to base 11
23895
14432 (base 5) to base 6
5430
What is -106c7 (base 13) in base 7?
-152462
What is -e1c (base 15) in base 2?
-110001101001
Convert -5559 (base 13) to base 5.
-340104
What is 127 (base 10) in base 3?
11201
-640 (base 11) to base 7
-2150
What is 21897 (base 12) in base 5?
2410332
-26380 (base 9) to base 4
-10112103
1111111001010 (base 2) to base 3
102011102
-31447 (base 8) to base 14
-4ab5
What is -52f (base 16) in base 10?
-1327
-21120220 (base 4) to base 3
-1221201201
What is -862 (base 11) in base 10?
-1036
22420 (base 7) to base 14
2110
Convert -21322 (base 9) to base 12.
-8202
Convert 910 (base 16) to base 4.
210100
What is -2100303 (base 4) in base 11?
-6a65
Convert 306425 (base 7) to base 4.
30313112
Convert -1012122 (base 4) to base 14.
-18dc
What is -b603 (base 15) in base 8?
-113116
-26598 (base 10) to base 4
-12133212
What is 4516 (base 7) in base 11?
1252
Convert -1001010001001 (base 2) to base 8.
-11211
What is -1411 (base 8) in base 5?
-11102
-932c (base 14) to base 9
-37657
What is -221011 (base 3) in base 11?
-568
Convert -21485 (base 9) to base 8.
-33654
What is 1020212 (base 3) in base 13?
554
Convert 10100010001 (base 2) to base 16.
511
Convert -6a (base 13) to base 2.
-1011000
22201013 (base 4) to base 14
119b1
What is 32d (base 15) in base 2?
1011001110
1500 (base 7) to base 2
1001001100
Convert -42054 (base 6) to base 13.
-2758
1202010 (base 3) to base 15
59c
Convert -1314 (base 5) to base 12.
-155
Convert -12a (base 16) to base 3.
-102001
-12010 (base 5) to base 3
-1012121
28841 (base 10) to base 2
111000010101001
Convert -770 (base 8) to base 11.
-419
Convert 50c (base 16) to base 11.
a75
What is 3409 (base 10) in base 6?
23441
Convert 1521 (base 6) to base 13.
256
-8bd1 (base 16) to base 9
-54080
4340 (base 11) to base 10
5731
1220011020 (base 3) to base 12
196b9
What is -558 (base 9) in base 7?
-1223
What is 469 (base 13) in base 11?
634
Convert 37b4 (base 14) to base 6.
113110
What is -12553 (base 13) in base 9?
-51411
What is 3001033 (base 4) in base 3?
121222001
665 (base 8) to base 14
233
Convert 1301103 (base 4) to base 15.
2236
What is 10000 (base 2) in base 5?
31
What is 2712 (base 12) in base 3?
20010212
Convert 3998 (base 10) to base 7.
14441
What is -58a13 (base 11) in base 13?
-2c955
What is -86a7 (base 13) in base 10?
-18727
-a0 (base 15) to base 14
-aa
Convert 2599 (base 12) to base 2.
1000011000101
What is 6114 (base 7) in base 8?
4106
-487d (base 16) to base 9
-27408
195 (base 14) to base 3
110010
9b78 (base 13) to base 16
54e3
-728 (base 11) to base 2
-1101101101
Convert -304553 (base 6) to base 5.
-1240110
-2023 (base 4) to base 11
-117
-32211 (base 4) to base 16
-3a5
What is 10012111 (base 3) in base 12?
1427
Convert -3430 (base 5) to base 10.
-490
Convert -7336 (base 10) to base 2.
-1110010101000
-5694 (base 10) to base 8
-13076
What is -101011000111111 (base 2) in base 10?
-22079
a63 (base 13) to base 15
7d1
Convert -210020112 (base 3) to base 16.
-3c7d
Convert 919 (base 13) to base 9.
2104
Convert 38 (base 16) to base 12.
48
What is -1013 (base 10) in base 13?
-5cc
22011 (base 3) to base 13
13c
-5141 (base 6) to base 14
-5b7
-2d64 (base 16) to base 12
-6884
3982 (base 10) to base 5
111412
Convert -2234 (base 7) to base 6.
-3425
What is -1101211000 (base 3) in base 13?
-c717
What is 1371 (base 9) in base 5?
13121
What is 20411 (base 7) in base 8?
11616
Convert -250320 (base 6) to base 9.
-33343
Convert 642 (base 7) to base 16.
144
Convert 1010110100001 (base 2) to base 3.
21121002
What is -1111311 (base 4) in base 13?
-2667
What is -14a08 (base 13) in base 7?
-221561
7 (base 9) to base 4
13
1056 (base 9) to base 14
3da
1544 (base 12) to base 4
213010
Convert 197 (base 16) to base 12.
29b
-2042224 (base 5) to base 9
-51648
Convert 101001110100 (base 2) to base 7.
10542
What is -1074 (base 8) in base 9?
-705
384 (base 14) to base 7
2024
What is -46653 (base 7) in base 11?
-9014
Convert 4ee (base 15) to base 11.
932
14 (base 5) to base 2
1001
1a7a (base 11) to base 7
10443
What is 1121021202 (base 3) in base 10?
31556
Convert -895 (base 13) to base 11.
-1120
Convert 24002 (base 9) to base 3.
211000002
What is -10372 (base 8) in base 15?
-144b
-122121 (base 3) to base 5
-3400
20be (base 16) to base 2
10000010111110
What is -7a92 (base 13) in base 4?
-10030210
What is 146556 (base 8) in base 9?
80123
-310051 (base 6) to base 12
-12327
Convert -1799 (base 16) to base 14.
-22b7
What is 347 (base 10) in base 9?
425
What is 24857 (base 9) in base 5?
1013423
What is 2214 (base 8) in base 11?
969
Convert 294 (base 15) to base 5.
4324
What is -330303 (base 4) in base 11?
-2a18
2110100 (base 3) to base 6
12143
What is 20101 (base 4) i